f 691946 and 58170.
554
What is the greatest common divisor of 72119648 and 96?
32
What is the greatest common factor of 26 and 27343043?
13
Calculate the highest common factor of 6232 and 111100980.
3116
Calculate the greatest common factor of 3046893 and 48.
3
What is the greatest common divisor of 86688 and 510426?
126
What is the highest common divisor of 5315471 and 21?
7
Calculate the greatest common factor of 964 and 23657042.
482
What is the greatest common factor of 201764 and 772?
4
What is the greatest common factor of 22900 and 31924890?
2290
Calculate the highest common factor of 4 and 113419252.
4
What is the highest common divisor of 95 and 41158484?
19
What is the highest common factor of 38 and 99721348?
38
Calculate the greatest common divisor of 133393 and 13702.
403
Calculate the greatest common factor of 25247744 and 8832.
2944
Calculate the highest common divisor of 3272090 and 35.
5
Calculate the highest common divisor of 234 and 82926.
18
What is the highest common divisor of 72 and 1445176?
8
What is the greatest common divisor of 6623900 and 290?
10
What is the greatest common divisor of 2268384 and 192?
96
What is the highest common divisor of 6516 and 92672?
724
Calculate the highest common divisor of 13 and 1391.
13
Calculate the greatest common divisor of 949274 and 43254.
178
What is the highest common divisor of 53314560 and 1625?
65
What is the greatest common factor of 10077504 and 1752?
1752
What is the greatest common divisor of 15568 and 4438?
14
Calculate the highest common factor of 73 and 7680330.
73
Calculate the greatest common divisor of 1037302653 and 174.
87
Calculate the greatest common divisor of 1778290078 and 74.
74
Calculate the highest common divisor of 308 and 138012644.
308
What is the greatest common factor of 331398 and 1805?
361
Calculate the greatest common divisor of 32686405 and 2330.
1165
What is the highest common divisor of 2383209 and 1098273?
4341
What is the highest common divisor of 13 and 834169349?
13
What is the greatest common divisor of 49 and 2196583613?
49
What is the highest common factor of 190 and 32313376?
38
Calculate the greatest common divisor of 29069208 and 170702.
1918
What is the highest common factor of 1489040047 and 33?
11
What is the highest common divisor of 55902 and 3982902?
462
What is the greatest common divisor of 7812 and 38475619?
217
What is the greatest common divisor of 122417211 and 9?
3
What is the highest common factor of 87091328 and 192?
64
Calculate the highest common divisor of 134416040 and 27060.
9020
What is the highest common divisor of 54 and 412614918?
54
What is the greatest common factor of 132 and 11129206?
22
What is the highest common divisor of 1022 and 2158391?
73
What is the greatest common divisor of 8882880 and 62472?
456
What is the highest common divisor of 564590 and 2730?
130
Calculate the greatest common divisor of 2084 and 16077018.
1042
Calculate the highest common factor of 69045636 and 638.
638
Calculate the greatest common divisor of 800 and 37029856.
32
What is the greatest common factor of 113792 and 107569?
889
What is the highest common factor of 29450921 and 58?
29
What is the greatest common divisor of 35539268 and 558?
62
Calculate the highest common divisor of 1128071 and 31262.
203
What is the highest common factor of 1722524 and 16?
4
Calculate the greatest common factor of 18945 and 57973805.
2105
What is the greatest common factor of 1477090573 and 40796?
10199
Calculate the greatest common divisor of 198 and 15553978.
22
Calculate the greatest common divisor of 3490 and 556310.
10
Calculate the highest common factor of 411897230 and 3820.
1910
What is the greatest common factor of 2781 and 21489714?
927
What is the greatest common divisor of 32 and 233458992?
16
What is the highest common divisor of 1135395 and 20205?
45
What is the greatest common factor of 18078 and 5853408?
138
What is the greatest common factor of 281660 and 270?
10
Calculate the greatest common divisor of 48645 and 99590.
115
Calculate the greatest common divisor of 21284718 and 147.
147
Calculate the highest common divisor of 16278109 and 41594.
2971
What is the greatest common divisor of 132389 and 42107?
41
Calculate the greatest common divisor of 92953725 and 17650.
8825
Calculate the greatest common divisor of 1978127715 and 1695.
1695
Calculate the highest common factor of 52514928 and 4104.
72
Calculate the highest common factor of 16793075 and 163.
163
What is the greatest common divisor of 5904 and 84747984?
1968
Calculate the highest common factor of 77415022 and 35446.
958
Calculate the highest common divisor of 191513 and 203.
7
Calculate the greatest common factor of 65477403 and 486.
81
What is the greatest common divisor of 5286966 and 29478?
1734
What is the highest common divisor of 101728767 and 168?
21
What is the highest common divisor of 1570939 and 3211?
19
What is the highest common factor of 996 and 269364?
12
What is the greatest common factor of 3428712 and 936?
72
What is the greatest common divisor of 336590924 and 3404?
3404
Calculate the greatest common divisor of 49 and 297692976.
7
Calculate the highest common divisor of 3542 and 51397962.
3542
Calculate the greatest common factor of 9002488 and 2596.
44
What is the highest common factor of 21 and 625641639?
21
What is the greatest common factor of 950819971 and 151?
151
What is the highest common factor of 7812 and 22534272?
1116
What is the highest common divisor of 1195542538 and 244?
122
What is the greatest common factor of 355 and 343167140?
355
Calculate the greatest common factor of 3897690 and 120.
30
What is the greatest common factor of 136363 and 16302?
19
What is the highest common divisor of 335 and 202778180?
335
What is the highest common factor of 742436 and 1528754?
1186
Calculate the greatest common factor of 700029 and 10461.
33
Calculate the highest common factor of 217 and 12609695.
7
Calculate the greatest common factor of 116 and 1880128.
116
Calculate the highest common factor of 665 and 71915.
95
Calculate the greatest common factor of 80427 and 722432.
1411
Calculate the greatest common factor of 506 and 6800783.
11
What is the highest common factor of 3298 and 102626970?
194
Calculate the highest common factor of 6934809 and 2016.
21
What is the highest common factor of 319 and 1355576?
29
What is the highest common factor of 2728375 and 6500?
1625
What is the greatest common factor of 11792659 and 106?
53
What is the highest common divisor of 8234 and 151076?
358
What is the highest common factor of 2670336 and 1708?
244
What is the highest common factor of 29064 and 3549?
21
What is the greatest common divisor of 19024 and 1442257?
1189
What is the greatest common factor of 121 and 4066777693?
121
Calculate the greatest common divisor of 151532822 and 42.
14
What is the highest common factor of 251574 and 46?
46
Calculate the highest common divisor of 9555424 and 8.
8
Calculate the highest common factor of 8385 and 6894420.
195
Calculate the highest common factor of 2695 and 3504725.
245
What is the greatest common factor of 88 and 92931740?
44
Calculate the greatest common divisor of 3337766 and 32.
2
Calculate the highest common factor of 1372 and 24331048.
1372
Calculate the highest common divisor of 474639 and 186219.
627
Calculate the greatest common factor of 186417 and 1408176.
693
What is the greatest common factor of 91250451 and 711?
711
Calculate the greatest common factor of 345340 and 465095.
2785
Calculate the greatest common divisor of 10295 and 143463.
29
Calculate the greatest common factor of 668 and 434073414.
334
What is the greatest common divisor of 39876 and 121332?
12
Calculate the greatest common factor of 1190 and 254238230.
170
Calculate the greatest common factor of 4 and 80691780.
4
What is the greatest common factor of 22339918 and 406?
58
What is the highest common factor of 51389 and 16985982?
767
What is the greatest common factor of 31281728 and 3968?
1984
What is the greatest common divisor of 7144786 and 2?
2
Calculate the highest common factor of 2637 and 7811673.
879
What is the highest common factor of 888 and 55938450?
222
Calculate the highest common factor of 24189677 and 